 and u?
10
Let y(m) be the second derivative of m**4/12 + 3*m**3/2 - 15*m**2/2 - 2*m. Let c be y(-12). Calculate the greatest common factor of c and 7.
7
Suppose -5*c = 4*o - 40, -4*c = -c - 5*o + 13. Suppose -w - 5 = c*w. Let g be 32 + (w - -1) + -2. What is the greatest common factor of 6 and g?
6
Suppose -u - 7*o + 15 = -3*o, u = -5*o + 17. Let i = -53 + 81. Calculate the highest common factor of u and i.
7
Let v(d) = d**2 + d - 4. Let b be v(4). Let q = 6 + b. Calculate the greatest common factor of q and 2.
2
Let z(o) = -4*o + 3. Let w(q) = 2*q - 4. Let t be w(3). Let g be z(t). Let i = g + 18. What is the highest common factor of i and 39?
13
Let s be 4 + 23 - (-2 + 4). What is the highest common divisor of 175 and s?
25
Let c(l) = -8*l - 4. Let m be c(-3). Let z = -40 + m. Let d be (-155)/z - 1/(-4). Calculate the greatest common factor of d and 4.
4
Suppose 4*n + 4 = -0*r - 4*r, 4*n = 5*r - 31. Suppose -3*u + 4 = -5. Suppose -y + 6 + u = 0. What is the greatest common factor of r and y?
3
Suppose w + 4 = 4*f - f, 0 = 4*f - 12. Let n be 1/w - 29/(-5). Let x be ((-2)/(-1))/(-2) + 55. What is the highest common factor of n and x?
6
Let f = -110 - -164. What is the highest common factor of f and 81?
27
Let b = -2 + 13. What is the highest common factor of b and 77?
11
Suppose -5*j - 1645 = -3*x, 3*j + x = 2*x - 983. Let q be 2/(-6) + j/(-6). Suppose 0 = -20*y + 25*y - 30. What is the greatest common divisor of q and y?
6
Suppose -4*o = -m - 68, -4*o = -8*o - m + 76. Calculate the greatest common divisor of o and 144.
18
Let n(m) = -2*m**2 - 10*m - 6. Let p be n(-3). Calculate the greatest common divisor of 6 and p.
6
Suppose 0 = -0*z - 5*z + 60. Suppose -4*g + 3*f = -36, 5*g - 4*f - 14 = -8*f. Suppose -v = -g + 3. What is the highest common factor of v and z?
3
Suppose 2*g - 60 = -0*g. What is the greatest common divisor of 210 and g?
30
Suppose 100 = -4*y + 9*y. What is the greatest common divisor of y and 30?
10
Let z(s) = s**2 + 21*s + 11. Let h be z(-21). What is the greatest common factor of h and 33?
11
Let j be 1 - 2 - 63/3. Let l = j + 52. What is the greatest common divisor of 12 and l?
6
Let y(i) = i**2 - 6*i + 7. Let u be y(5). Suppose -1 = 2*s - 3*t - 4, 27 = 2*s + 5*t. Suppose -u*x = -5*x + s. What is the highest common divisor of x and 5?
1
Suppose 175 = 2*t - 5. Let n(v) = -v**2 + 10*v + 9. Let g be n(9). What is the highest common divisor of t and g?
18
Let y = 0 + 5. Suppose 2 + 3 = y*r. What is the highest common divisor of r and 9?
1
Let i = -14 - -23. Let k(f) be the third derivative of -f**6/120 + 2*f**5/15 + 5*f**4/12 + f**2. Let u be k(i). Calculate the highest common divisor of 9 and u.
9
Let x(f) = f + 6. Let a be x(-4). Let d = a + 88. Calculate the greatest common divisor of d and 9.
9
Suppose -3*t + 8*t = -35. Let i = 7 - t. Suppose -c + 3*c - 84 = 0. Calculate the greatest common factor of c and i.
14
Let n = -169 - -184. Let q = 87 + -12. Calculate the highest common factor of q and n.
15
Suppose 3*b = -l - 1 + 13, 2*l = 0. Let s = 1 - -11. Calculate the greatest common divisor of b and s.
4
Suppose f = -5*h + 246, -2*h + 4*h - 104 = f. Suppose 3*y + 23 = i, -4*i - y - 2*y + 77 = 0. Calculate the greatest common divisor of i and h.
10
Let h = 5 + -5. Suppose -4*l + 6*l - 198 = h. What is the greatest common divisor of l and 9?
9
Let n = 7 - 5. Suppose -b = -i + 4*i - 11, -n*b = -5*i. Let d be (-65)/(-4) + i/(-8). What is the greatest common divisor of 8 and d?
8
Let k be 12 + (2 - 0) - (1 - -1). What is the highest common factor of k and 18?
6
Let u(n) = 4*n - 3. Let o be u(6). What is the highest common factor of 168 and o?
21
Let m be (-142)/4 + 2/4. Let a = m - -83. Suppose 4*t + 64 = 6*t. Calculate the highest common factor of t and a.
16
Let f(u) be the first derivative of u**3/3 - u**2/2 + 9*u - 1. Let r be f(0). Let v be ((-30)/r)/(4/(-6)). What is the greatest common factor of 40 and v?
5
Let d be ((-363)/(-15))/(55/25 + -2). Let y(z) = -z**2 + 8*z + 4. Let u be y(7). Calculate the greatest common factor of d and u.
11
Suppose -5*k + 0*k + 70 = 0. Let g = 28 + k. What is the greatest common factor of g and 21?
21
Let x(a) = a - 7. Let u be x(8). Let q be u - 26*(-6)/4. Calculate the greatest common factor of 16 and q.
8
Let n = -27 - -39. Suppose 10 = -7*f + n*f. What is the highest common factor of f and 4?
2
Let s be (1 + (-9)/6)*0. Suppose s = -4*c - 0*c + 416. Let o be (-2 - (0 - 4)) + 11. What is the greatest common divisor of o and c?
13
Suppose w = -4*m + 25, -6*m - 4*w + 16 = -4*m. Let i = m - 0. What is the greatest common divisor of 6 and i?
6
Let d = -400 - -562. Calculate the highest common factor of d and 18.
18
Let r be 2/6 - (-20)/3. Let f(z) = 5*z - 7. Let j be f(7). What is the greatest common factor of j and r?
7
Let o(s) = -2*s + 4. Let p be o(-3). Let w be (1 + (-3)/5)*5. What is the highest common divisor of w and p?
2
Let w be ((-4)/6)/(1/21). Let r be 468/21 - (-4)/w. Calculate the highest common factor of r and 66.
22
Suppose 3*g + 240 = 8*g. Suppose -g = -3*k - k. What is the highest common divisor of 12 and k?
12
Let u = 53 - 32. Let x = u - 13. Let g = 31 + -23. Calculate the greatest common divisor of g and x.
8
Let p = 5 - 3. Let d be 67 + -2 - (0 + p). Let j = 24 + -15. Calculate the greatest common divisor of d and j.
9
Let f(i) = i**2 + 6*i + 14. Let l be f(-6). What is the highest common factor of 21 and l?
7
Let u = 11 + -2. Suppose 0*j + 63 = j. What is the highest common divisor of u and j?
9
Let q be ((-2)/(-3))/(5/(-30)). Let g = q - -11. Calculate the greatest common factor of g and 7.
7
Suppose 2*a - 4*a + 42 = 0. Suppose -q + 0*q = -15. Suppose 3*r - q = -2*r. What is the highest common factor of a and r?
3
Suppose 0*j + t - 3 = -j, -j + 3*t = -19. Calculate the highest common factor of j and 63.
7
Let b(t) = t**2 - 5*t - 3. Let q be b(5). Let r = 3 + q. Suppose r*v = 3*v - 36. What is the greatest common factor of v and 24?
12
Suppose 2*k = 2*i + 304, 3*k = -0*i + 2*i + 458. What is the greatest common factor of k and 14?
14
Let w be (-20 - 2)*(-36)/(-8). Let v = w - -216. Let o(z) = -12*z**3 + z**2. Let m be o(-1). Calculate the highest common factor of v and m.
13
Suppose -2*t + k = -125, 4*k = -3*t + 7*t - 244. What is the greatest common divisor of 16 and t?
16
Let u(w) = w**2 + 7*w + 2. Let l be u(-7). Let m(d) = -d - 10. Let h be m(-12). Calculate the greatest common factor of h and l.
2
Let o(z) = -z. Let y be o(4). Let u be 2/(-8) - 53/y. What is the greatest common factor of 52 and u?
13
Let x be 10/15 + (-34)/(-3). What is the highest common divisor of 96 and x?
12
Let p = 142 + -130. What is the highest common factor of 324 and p?
12
Let s = 4 - 1. Suppose s*n - 86 = -3*z + 2*n, 3*z + 4*n = 92. Calculate the greatest common divisor of 42 and z.
14
Let u(q) = -q**3 + 5*q**2 - 5*q + 2. Let a be u(3). Let m(v) = 13*v - 10. Let g be m(a). What is the highest common factor of g and 11?
11
Let b be (-2 - -10)*15/12. Calculate the highest common divisor of 40 and b.
10
Let q be 23 - 20/(-9 - -4). What is the highest common divisor of q and 243?
27
Let d(r) = -r**2 - 3*r + 6. Let f be d(3). Let n = 3 - f. Let l(g) = 2*g - 5. Let p be l(5). What is the highest common divisor of p and n?
5
Let r = 4 - -38. Let x(a) = a**2 + 5*a. Let w = -5 + -1. Let c be x(w). Calculate the greatest common divisor of c and r.
6
Let n be 8/20 - (-54)/15. Suppose 5*a + n = 14. Let t = 8 - 6. What is the greatest common divisor of t and a?
2
Suppose 2*p - 4*p = 3*b + 2, -3*p = 5*b + 2. What is the highest common factor of b and 3?
1
Suppose 368 = 8*n + 112. Calculate the highest common divisor of n and 16.
16
Let c be (-3)/(-2)*(-32)/(-6). Let m = c + -7. What is the greatest common factor of m and 1?
1
Let u be -1 + 3 + 3 + 0. Suppose u*f - 7*f = -72. What is the highest common divisor of 54 and f?
18
Suppose 0 = 3*i - 4*d - 2, -45 = 2*i + 3*i + 3*d. Let l be (-1)/((2/i)/1). What is the greatest common factor of l and 21?
3
Let i(r) = 7*r**2 - r + 1. Let l be i(1). Suppose -5*w + 19 + 1 = 0. Suppose -3*k = p - 41, -4*k - p = -59 + w. What is the highest common divisor of k and l?
7
Suppose q + 15 = 57. Let a = -12 + 17. Let u be (-1 - -1) + a + 1. What is the highest common